{"id":12143,"date":"2026-02-02T15:29:14","date_gmt":"2026-02-02T15:29:14","guid":{"rendered":"https:\/\/www.solidaridadobrera.org\/confederal\/?page_id=12143"},"modified":"2026-03-29T08:45:11","modified_gmt":"2026-03-29T08:45:11","slug":"in-memoriam","status":"publish","type":"page","link":"https:\/\/www.solidaridadobrera.org\/confederal\/in-memoriam\/","title":{"rendered":"&#x1f5a4; In Memoriam &#x1f5a4;"},"content":{"rendered":"\n<p><em>Este espacio es un acto de memoria y de lucha. Aqu\u00ed recordamos a compa\u00f1er@s que entregaron su vida a la causa de la emancipaci\u00f3n de la clase trabajadora, al sindicalismo revolucionario y a la construcci\u00f3n de una sociedad sin explotaci\u00f3n ni dominaci\u00f3n. Su ejemplo sigue vivo en cada conflicto, en cada asamblea y en cada gesto de solidaridad que mantiene en pie el anarcosindicalismo.<\/em><\/p>\n\n\n\n<div class=\"wp-block-columns is-layout-flex wp-container-core-columns-is-layout-28f84493 wp-block-columns-is-layout-flex\">\n<div class=\"wp-block-column is-layout-flow wp-block-column-is-layout-flow\">\n<div style=\"height:25px\" aria-hidden=\"true\" class=\"wp-block-spacer\"><\/div>\n\n\n<div class=\"wp-block-image\">\n<figure class=\"alignleft size-full is-resized has-custom-border\"><img decoding=\"async\" width=\"149\" height=\"190\" src=\"https:\/\/www.solidaridadobrera.org\/confederal\/wp-content\/uploads\/2026\/02\/image-4.png\" alt=\"Vicente Luis D\u00edaz\" class=\"has-border-color has-vivid-red-border-color wp-image-12180\" style=\"border-width:2px;width:auto;height:175px\"\/><\/figure>\n<\/div>\n\n\n<p><a href=\"https:\/\/www.facebook.com\/Soliobrera\/posts\/pfbid032qpgyn1TEkJ8sbdDehrKvv4R9zEgjgXyspoCZMPgWuv7wMZikv6cdCmjAR1WK7s1l\" target=\"_blank\" rel=\"noreferrer noopener\"><strong>VICENTE LUIS D\u00cdAZ<\/strong><\/a><\/p>\n\n\n\n<div style=\"height:25px\" aria-hidden=\"true\" class=\"wp-block-spacer\"><\/div>\n\n\n<div class=\"wp-block-image\">\n<figure class=\"alignleft is-resized has-custom-border\"><a href=\"https:\/\/twitter.com\/ObreraMetro\/status\/1402616107324878849\"><img decoding=\"async\" src=\"https:\/\/www.solidaridadobrera.org\/fotos\/roa.jpg\" alt=\"Jos\u00e9 Luis de Roa\" class=\"has-border-color has-vivid-red-border-color\" style=\"border-width:2px;width:auto;height:175px\"\/><\/a><\/figure>\n<\/div>\n\n\n<p><a href=\"https:\/\/www.facebook.com\/Soliobrera\/posts\/3791933627603073\" target=\"_blank\" rel=\"noreferrer noopener\"><strong>JOS\u00c9 LUIS DE ROA<\/strong><\/a><\/p>\n\n\n\n<div style=\"height:25px\" aria-hidden=\"true\" class=\"wp-block-spacer\"><\/div>\n\n\n<div class=\"wp-block-image\">\n<figure class=\"alignleft is-resized has-custom-border\"><img decoding=\"async\" src=\"https:\/\/www.solidaridadobrera.org\/fotos\/JORGE%20CABALLERO%20.jpg\" alt=\"Jorge Caballero\" class=\"has-border-color has-vivid-red-border-color\" style=\"border-width:2px;object-fit:cover;width:121px;height:175px\"\/><\/figure>\n<\/div>\n\n\n<p><a href=\"https:\/\/www.facebook.com\/cntaitgijon\/posts\/pfbid02VNTZpTRcpZHnDhb12EP98eZFFKiim6BsKmGaEgiEMTuCpG8uNSyCriwpZUhq9FSQl?locale=es_ES\" target=\"_blank\" rel=\"noreferrer noopener\"><strong>JORGE CABALLERO<\/strong><\/a><\/p>\n\n\n\n<p><em>46 a\u00f1os de su asesinato<\/em><\/p>\n\n\n\n<div style=\"height:25px\" aria-hidden=\"true\" class=\"wp-block-spacer\"><\/div>\n\n\n<div class=\"wp-block-image\">\n<figure class=\"alignleft is-resized has-custom-border\"><img decoding=\"async\" src=\"https:\/\/www.solidaridadobrera.org\/fotos\/COLETTE.jpg\" alt=\"Collete Durruti\" class=\"has-border-color has-vivid-red-border-color\" style=\"border-width:2px;width:auto;height:175px\"\/><\/figure>\n<\/div>\n\n\n<p><a href=\"https:\/\/www.elsaltodiario.com\/obituario\/memoria-colette\" target=\"_blank\" rel=\"noreferrer noopener\"><strong>COLETTE DURRUTI<\/strong><\/a><\/p>\n\n\n\n<div style=\"height:25px\" aria-hidden=\"true\" class=\"wp-block-spacer\"><\/div>\n\n\n<div class=\"wp-block-image\">\n<figure class=\"alignleft is-resized has-custom-border\"><img decoding=\"async\" src=\"https:\/\/www.solidaridadobrera.org\/fotos\/alberola.jpg\" alt=\"Octavio Alberola\" class=\"has-border-color has-vivid-red-border-color\" style=\"border-width:2px;width:auto;height:175px\"\/><\/figure>\n<\/div>\n\n\n<p><a href=\"https:\/\/kaosenlared.net\/fallecio-octavio-alberola-1928-2025\/\" target=\"_blank\" rel=\"noreferrer noopener\"><strong>OCTAVIO ALBEROLA<\/strong><\/a><\/p>\n\n\n\n<div style=\"height:25px\" aria-hidden=\"true\" class=\"wp-block-spacer\"><\/div>\n\n\n<div class=\"wp-block-image\">\n<figure class=\"alignleft is-resized has-custom-border\"><img decoding=\"async\" src=\"https:\/\/www.solidaridadobrera.org\/fotos\/uno%20de%20los%20nuestros%20001.jpg\" alt=\"Eduardo Pons Paredes\" class=\"has-border-color has-vivid-red-border-color\" style=\"border-width:2px;width:auto;height:175px\"\/><\/figure>\n<\/div>\n\n\n<p><a href=\"https:\/\/www.solidaridadobrera.org\/ateneo_nacho\/paginassonido\/documentos%20sonoros.html\" target=\"_blank\" rel=\"noreferrer noopener\"><strong>EDUARDO PONS PRADES<\/strong><\/a><\/p>\n\n\n\n<div style=\"height:25px\" aria-hidden=\"true\" class=\"wp-block-spacer\"><\/div>\n\n\n<div class=\"wp-block-image\">\n<figure class=\"alignleft is-resized has-custom-border\"><img decoding=\"async\" src=\"https:\/\/www.solidaridadobrera.org\/fotos\/unodelosnuestros004.jpg\" alt=\"Simon Tapia Colman\" class=\"has-border-color has-vivid-red-border-color\" style=\"border-width:2px;width:auto;height:175px\"\/><\/figure>\n<\/div>\n\n\n<p><a href=\"http:\/\/www.solidaridadobrera.org\/ateneo_nacho\/paginassonido\/documentos%20sonoros.html\" target=\"_blank\" rel=\"noreferrer noopener\"><strong>SIM\u00d3N TAPIA COLMAN<\/strong><\/a><\/p>\n\n\n\n<p><em>Documentos sonoros<\/em><\/p>\n\n\n\n<p><\/p>\n\n\n\n<div style=\"height:25px\" aria-hidden=\"true\" class=\"wp-block-spacer\"><\/div>\n<\/div>\n\n\n\n<div class=\"wp-block-column is-layout-flow wp-block-column-is-layout-flow\">\n<div style=\"height:25px\" aria-hidden=\"true\" class=\"wp-block-spacer\"><\/div>\n\n\n<div class=\"wp-block-image\">\n<figure class=\"alignleft size-full is-resized has-custom-border\"><img decoding=\"async\" width=\"150\" height=\"190\" src=\"https:\/\/www.solidaridadobrera.org\/confederal\/wp-content\/uploads\/2026\/02\/image-3.png\" alt=\"Oscar Purqueras\" class=\"has-border-color has-vivid-red-border-color wp-image-12179\" style=\"border-width:2px;width:auto;height:175px\"\/><\/figure>\n<\/div>\n\n\n<p><a href=\"https:\/\/www.facebook.com\/Soliobrera\/posts\/pfbid0bX3xTGAM7ZXbeszWsvyBNaKatWpyHMcsfHjgbQntUQnKZhAv9qtuRyLdnSYCcD5Ul\" target=\"_blank\" rel=\"noreferrer noopener\"><strong>OSCAR PURQUERAS<\/strong><\/a><\/p>\n\n\n\n<div style=\"height:25px\" aria-hidden=\"true\" class=\"wp-block-spacer\"><\/div>\n\n\n<div class=\"wp-block-image\">\n<figure class=\"alignleft size-full is-resized has-custom-border\"><img decoding=\"async\" width=\"202\" height=\"211\" src=\"https:\/\/www.solidaridadobrera.org\/confederal\/wp-content\/uploads\/2026\/02\/image-2.png\" alt=\"Mario Fern\u00e1ndez Bravo\" class=\"has-border-color has-vivid-red-border-color wp-image-12178\" style=\"border-width:2px;width:auto;height:175px\"\/><\/figure>\n<\/div>\n\n\n<p><a href=\"https:\/\/www.facebook.com\/Soliobrera\/posts\/pfbid0VyGFaYLYdZPRAfgTw1SmLi15CY2vkSumkhcB8CiY9VFfggSDSArHyZbPWUMES6WEl\" target=\"_blank\" rel=\"noreferrer noopener\"><strong>MARIO FERN\u00c1NDEZ BRAVO<\/strong><\/a><\/p>\n\n\n\n<div style=\"height:25px\" aria-hidden=\"true\" class=\"wp-block-spacer\"><\/div>\n\n\n<div class=\"wp-block-image\">\n<figure class=\"alignleft size-full is-resized has-custom-border\"><img loading=\"lazy\" decoding=\"async\" width=\"167\" height=\"167\" src=\"https:\/\/www.solidaridadobrera.org\/confederal\/wp-content\/uploads\/2026\/02\/image-1.png\" alt=\"Javier Paredes\" class=\"has-border-color has-vivid-red-border-color wp-image-12177\" style=\"border-width:2px;width:auto;height:175px\" srcset=\"https:\/\/www.solidaridadobrera.org\/confederal\/wp-content\/uploads\/2026\/02\/image-1.png 167w, https:\/\/www.solidaridadobrera.org\/confederal\/wp-content\/uploads\/2026\/02\/image-1-150x150.png 150w\" sizes=\"(max-width: 167px) 100vw, 167px\" \/><\/figure>\n<\/div>\n\n\n<p><a href=\"https:\/\/www.facebook.com\/Soliobrera\/posts\/3720311908098579\" target=\"_blank\" rel=\"noreferrer noopener\"><strong>JAVIER PAREDES<\/strong><\/a><\/p>\n\n\n\n<div style=\"height:25px\" aria-hidden=\"true\" class=\"wp-block-spacer\"><\/div>\n\n\n<div class=\"wp-block-image\">\n<figure class=\"alignleft is-resized has-custom-border\"><img decoding=\"async\" src=\"https:\/\/www.solidaridadobrera.org\/fotos\/OSVALDO%20BAYER.jpg\" alt=\"Osvaldo Bayer\" class=\"has-border-color has-vivid-red-border-color\" style=\"border-width:2px;object-fit:cover;width:183px;height:175px\"\/><\/figure>\n<\/div>\n\n\n<p><a href=\"https:\/\/www.facebook.com\/Soliobrera\/posts\/pfbid0U9hAyHpE2ZtomyT8sNrn4ztA8THtWFCQb7t4NTLJAwguR9RU3o5QAXu1zSNrfGcxl\" target=\"_blank\" rel=\"noreferrer noopener\"><strong>OSVALDO BAYER<\/strong><\/a><\/p>\n\n\n\n<p><em>Burricie en Argentina: el neoliberal Milei destruye el monumento del compa\u00f1ero<\/em> <em>libertario<\/em><\/p>\n\n\n\n<div style=\"height:25px\" aria-hidden=\"true\" class=\"wp-block-spacer\"><\/div>\n\n\n<div class=\"wp-block-image\">\n<figure class=\"alignleft is-resized has-custom-border\"><img decoding=\"async\" src=\"https:\/\/www.solidaridadobrera.org\/fotos\/JUAN%20MARINE.jpg\" alt=\"Juan Marin\u00e9\" class=\"has-border-color has-vivid-red-border-color\" style=\"border-width:2px;width:auto;height:175px\"\/><\/figure>\n<\/div>\n\n\n<p><a href=\"https:\/\/www.facebook.com\/86ateneo\/posts\/pfbid0HgTtFw9N9ygLAJKhLxcX83ydXN8Lxi5CpxpobVGDjkk2jp4cmrW1L4Z1TEPf1coFl\" target=\"_blank\" rel=\"noreferrer noopener\"><strong>JUAN MARIN\u00c9<\/strong><\/a><\/p>\n\n\n\n<div style=\"height:25px\" aria-hidden=\"true\" class=\"wp-block-spacer\"><\/div>\n\n\n<div class=\"wp-block-image\">\n<figure class=\"alignleft is-resized has-custom-border\"><img decoding=\"async\" src=\"https:\/\/www.solidaridadobrera.org\/fotos\/unodelosnuestros003.jpg\" alt=\"Vicente Cuervo\" class=\"has-border-color has-vivid-red-border-color\" style=\"border-width:2px;width:auto;height:175px\"\/><\/figure>\n<\/div>\n\n\n<p><a href=\"https:\/\/elpais.com\/ccaa\/2020\/02\/07\/madrid\/1581094734_907844.html\" target=\"_blank\" rel=\"noreferrer noopener\"><strong>VICENTE CUERVO<\/strong><\/a><\/p>\n\n\n\n<p><em>Atisbo de luz en su asesinato<\/em><\/p>\n\n\n\n<p><\/p>\n\n\n\n<div style=\"height:25px\" aria-hidden=\"true\" class=\"wp-block-spacer\"><\/div>\n\n\n<div class=\"wp-block-image\">\n<figure class=\"alignleft is-resized has-custom-border\"><img decoding=\"async\" src=\"https:\/\/www.solidaridadobrera.org\/fotos\/uno%20de%20los%20nuestros%20006.jpg\" alt=\"Blazquez de Pedro\" class=\"has-border-color has-vivid-red-border-color\" style=\"border-width:2px;width:auto;height:175px\"\/><\/figure>\n<\/div>\n\n\n<p><a href=\"https:\/\/youtu.be\/gnXkVzGzLVk\" target=\"_blank\" rel=\"noreferrer noopener\"><strong>BLAZQUEZ DE PEDRO<\/strong><\/a><\/p>\n\n\n\n<p><em>Presentaci\u00f3n virtual del folleto editado por el Centro de Estudios Bejaranos<\/em><\/p>\n\n\n\n<div style=\"height:25px\" aria-hidden=\"true\" class=\"wp-block-spacer\"><\/div>\n\n\n<div class=\"wp-block-image\">\n<figure class=\"alignleft is-resized has-custom-border\"><img decoding=\"async\" src=\"https:\/\/www.solidaridadobrera.org\/fotos\/uno%20de%20los%20nuestros%20002.jpg\" alt=\"\" class=\"has-border-color has-vivid-red-border-color\" style=\"border-width:2px;width:auto;height:175px\"\/><\/figure>\n<\/div>\n\n\n<p><a href=\"https:\/\/www.solidaridadobrera.org\/ateneo_nacho\/paginassonido\/documentos%20sonoros.html\" target=\"_blank\" rel=\"noreferrer noopener\"><strong>JOS\u00c9 COMAS SOL\u00c1<\/strong><\/a><\/p>\n\n\n\n<p><em>Astr\u00f3nomo, divulgador y anarcosindicalista.<\/em><br><em>Documentos sonoros<\/em><\/p>\n\n\n\n<p><\/p>\n\n\n\n<div style=\"height:25px\" aria-hidden=\"true\" class=\"wp-block-spacer\"><\/div>\n<\/div>\n<\/div>\n\n\n\n<div style=\"height:25px\" aria-hidden=\"true\" class=\"wp-block-spacer\"><\/div>\n\n\n\n<p><\/p>\n","protected":false},"excerpt":{"rendered":"<p>Este espacio es un acto de memoria y de lucha. Aqu\u00ed recordamos a compa\u00f1er@s que entregaron su vida a la causa de la emancipaci\u00f3n de la clase trabajadora, al sindicalismo [&hellip;]<\/p>\n","protected":false},"author":18,"featured_media":0,"parent":0,"menu_order":0,"comment_status":"closed","ping_status":"closed","template":"","meta":{"postBodyCss":"","postBodyMargin":[],"postBodyPadding":[],"postBodyBackground":{"backgroundType":"classic","gradient":""},"ngg_post_thumbnail":0,"footnotes":""},"class_list":["post-12143","page","type-page","status-publish","hentry"],"yoast_head":"<!-- This site is optimized with the Yoast SEO plugin v27.3 - https:\/\/yoast.com\/product\/yoast-seo-wordpress\/ -->\n<title>&#x1f5a4; In Memoriam &#x1f5a4; - CONFEDERACI\u00d3N SOLIDARIDAD OBRERA<\/title>\n<meta name=\"robots\" content=\"index, follow, max-snippet:-1, max-image-preview:large, max-video-preview:-1\" \/>\n<link rel=\"canonical\" href=\"https:\/\/www.solidaridadobrera.org\/confederal\/in-memoriam\/\" \/>\n<meta property=\"og:locale\" content=\"es_ES\" \/>\n<meta property=\"og:type\" content=\"article\" \/>\n<meta property=\"og:title\" content=\"&#x1f5a4; In Memoriam &#x1f5a4; - CONFEDERACI\u00d3N SOLIDARIDAD OBRERA\" \/>\n<meta property=\"og:description\" content=\"Este espacio es un acto de memoria y de lucha. Aqu\u00ed recordamos a compa\u00f1er@s que entregaron su vida a la causa de la emancipaci\u00f3n de la clase trabajadora, al sindicalismo [&hellip;]\" \/>\n<meta property=\"og:url\" content=\"https:\/\/www.solidaridadobrera.org\/confederal\/in-memoriam\/\" \/>\n<meta property=\"og:site_name\" content=\"CONFEDERACI\u00d3N SOLIDARIDAD OBRERA\" \/>\n<meta property=\"article:publisher\" content=\"https:\/\/es-es.facebook.com\/Soliobrera\" \/>\n<meta property=\"article:modified_time\" content=\"2026-03-29T08:45:11+00:00\" \/>\n<meta property=\"og:image\" content=\"https:\/\/www.solidaridadobrera.org\/confederal\/wp-content\/uploads\/2026\/02\/image-4.png\" \/>\n\t<meta property=\"og:image:width\" content=\"149\" \/>\n\t<meta property=\"og:image:height\" content=\"190\" \/>\n\t<meta property=\"og:image:type\" content=\"image\/png\" \/>\n<meta name=\"twitter:card\" content=\"summary_large_image\" \/>\n<meta name=\"twitter:label1\" content=\"Tiempo de lectura\" \/>\n\t<meta name=\"twitter:data1\" content=\"4 minutos\" \/>\n<script type=\"application\/ld+json\" class=\"yoast-schema-graph\">{\"@context\":\"https:\\\/\\\/schema.org\",\"@graph\":[{\"@type\":\"WebPage\",\"@id\":\"https:\\\/\\\/www.solidaridadobrera.org\\\/confederal\\\/in-memoriam\\\/\",\"url\":\"https:\\\/\\\/www.solidaridadobrera.org\\\/confederal\\\/in-memoriam\\\/\",\"name\":\"&#x1f5a4; In Memoriam &#x1f5a4; - CONFEDERACI\u00d3N SOLIDARIDAD OBRERA\",\"isPartOf\":{\"@id\":\"https:\\\/\\\/www.solidaridadobrera.org\\\/confederal\\\/#website\"},\"primaryImageOfPage\":{\"@id\":\"https:\\\/\\\/www.solidaridadobrera.org\\\/confederal\\\/in-memoriam\\\/#primaryimage\"},\"image\":{\"@id\":\"https:\\\/\\\/www.solidaridadobrera.org\\\/confederal\\\/in-memoriam\\\/#primaryimage\"},\"thumbnailUrl\":\"https:\\\/\\\/www.solidaridadobrera.org\\\/confederal\\\/wp-content\\\/uploads\\\/2026\\\/02\\\/image-4.png\",\"datePublished\":\"2026-02-02T15:29:14+00:00\",\"dateModified\":\"2026-03-29T08:45:11+00:00\",\"breadcrumb\":{\"@id\":\"https:\\\/\\\/www.solidaridadobrera.org\\\/confederal\\\/in-memoriam\\\/#breadcrumb\"},\"inLanguage\":\"es\",\"potentialAction\":[{\"@type\":\"ReadAction\",\"target\":[\"https:\\\/\\\/www.solidaridadobrera.org\\\/confederal\\\/in-memoriam\\\/\"]}]},{\"@type\":\"ImageObject\",\"inLanguage\":\"es\",\"@id\":\"https:\\\/\\\/www.solidaridadobrera.org\\\/confederal\\\/in-memoriam\\\/#primaryimage\",\"url\":\"https:\\\/\\\/www.solidaridadobrera.org\\\/confederal\\\/wp-content\\\/uploads\\\/2026\\\/02\\\/image-4.png\",\"contentUrl\":\"https:\\\/\\\/www.solidaridadobrera.org\\\/confederal\\\/wp-content\\\/uploads\\\/2026\\\/02\\\/image-4.png\",\"width\":149,\"height\":190},{\"@type\":\"BreadcrumbList\",\"@id\":\"https:\\\/\\\/www.solidaridadobrera.org\\\/confederal\\\/in-memoriam\\\/#breadcrumb\",\"itemListElement\":[{\"@type\":\"ListItem\",\"position\":1,\"name\":\"Portada\",\"item\":\"https:\\\/\\\/www.solidaridadobrera.org\\\/confederal\\\/\"},{\"@type\":\"ListItem\",\"position\":2,\"name\":\"&#x1f5a4; In Memoriam &#x1f5a4;\"}]},{\"@type\":\"WebSite\",\"@id\":\"https:\\\/\\\/www.solidaridadobrera.org\\\/confederal\\\/#website\",\"url\":\"https:\\\/\\\/www.solidaridadobrera.org\\\/confederal\\\/\",\"name\":\"SOLIDARIDAD OBRERA\",\"description\":\"Confederaci\u00f3n Anarcosindicalista. La lucha es el \u00fanico camino.\",\"publisher\":{\"@id\":\"https:\\\/\\\/www.solidaridadobrera.org\\\/confederal\\\/#organization\"},\"potentialAction\":[{\"@type\":\"SearchAction\",\"target\":{\"@type\":\"EntryPoint\",\"urlTemplate\":\"https:\\\/\\\/www.solidaridadobrera.org\\\/confederal\\\/?s={search_term_string}\"},\"query-input\":{\"@type\":\"PropertyValueSpecification\",\"valueRequired\":true,\"valueName\":\"search_term_string\"}}],\"inLanguage\":\"es\"},{\"@type\":\"Organization\",\"@id\":\"https:\\\/\\\/www.solidaridadobrera.org\\\/confederal\\\/#organization\",\"name\":\"Solidaridad Obrera\",\"url\":\"https:\\\/\\\/www.solidaridadobrera.org\\\/confederal\\\/\",\"logo\":{\"@type\":\"ImageObject\",\"inLanguage\":\"es\",\"@id\":\"https:\\\/\\\/www.solidaridadobrera.org\\\/confederal\\\/#\\\/schema\\\/logo\\\/image\\\/\",\"url\":\"https:\\\/\\\/www.solidaridadobrera.org\\\/confederal\\\/wp-content\\\/uploads\\\/2021\\\/07\\\/logo_soli_web.png\",\"contentUrl\":\"https:\\\/\\\/www.solidaridadobrera.org\\\/confederal\\\/wp-content\\\/uploads\\\/2021\\\/07\\\/logo_soli_web.png\",\"width\":1181,\"height\":1181,\"caption\":\"Solidaridad Obrera\"},\"image\":{\"@id\":\"https:\\\/\\\/www.solidaridadobrera.org\\\/confederal\\\/#\\\/schema\\\/logo\\\/image\\\/\"},\"sameAs\":[\"https:\\\/\\\/es-es.facebook.com\\\/Soliobrera\",\"https:\\\/\\\/www.instagram.com\\\/soliobrera\\\/\",\"https:\\\/\\\/web.telegram.org\\\/a\\\/#-1001124968543\"]}]}<\/script>\n<!-- \/ Yoast SEO plugin. -->","yoast_head_json":{"title":"&#x1f5a4; In Memoriam &#x1f5a4; - CONFEDERACI\u00d3N SOLIDARIDAD OBRERA","robots":{"index":"index","follow":"follow","max-snippet":"max-snippet:-1","max-image-preview":"max-image-preview:large","max-video-preview":"max-video-preview:-1"},"canonical":"https:\/\/www.solidaridadobrera.org\/confederal\/in-memoriam\/","og_locale":"es_ES","og_type":"article","og_title":"&#x1f5a4; In Memoriam &#x1f5a4; - CONFEDERACI\u00d3N SOLIDARIDAD OBRERA","og_description":"Este espacio es un acto de memoria y de lucha. Aqu\u00ed recordamos a compa\u00f1er@s que entregaron su vida a la causa de la emancipaci\u00f3n de la clase trabajadora, al sindicalismo [&hellip;]","og_url":"https:\/\/www.solidaridadobrera.org\/confederal\/in-memoriam\/","og_site_name":"CONFEDERACI\u00d3N SOLIDARIDAD OBRERA","article_publisher":"https:\/\/es-es.facebook.com\/Soliobrera","article_modified_time":"2026-03-29T08:45:11+00:00","og_image":[{"width":149,"height":190,"url":"https:\/\/www.solidaridadobrera.org\/confederal\/wp-content\/uploads\/2026\/02\/image-4.png","type":"image\/png"}],"twitter_card":"summary_large_image","twitter_misc":{"Tiempo de lectura":"4 minutos"},"schema":{"@context":"https:\/\/schema.org","@graph":[{"@type":"WebPage","@id":"https:\/\/www.solidaridadobrera.org\/confederal\/in-memoriam\/","url":"https:\/\/www.solidaridadobrera.org\/confederal\/in-memoriam\/","name":"&#x1f5a4; In Memoriam &#x1f5a4; - CONFEDERACI\u00d3N SOLIDARIDAD OBRERA","isPartOf":{"@id":"https:\/\/www.solidaridadobrera.org\/confederal\/#website"},"primaryImageOfPage":{"@id":"https:\/\/www.solidaridadobrera.org\/confederal\/in-memoriam\/#primaryimage"},"image":{"@id":"https:\/\/www.solidaridadobrera.org\/confederal\/in-memoriam\/#primaryimage"},"thumbnailUrl":"https:\/\/www.solidaridadobrera.org\/confederal\/wp-content\/uploads\/2026\/02\/image-4.png","datePublished":"2026-02-02T15:29:14+00:00","dateModified":"2026-03-29T08:45:11+00:00","breadcrumb":{"@id":"https:\/\/www.solidaridadobrera.org\/confederal\/in-memoriam\/#breadcrumb"},"inLanguage":"es","potentialAction":[{"@type":"ReadAction","target":["https:\/\/www.solidaridadobrera.org\/confederal\/in-memoriam\/"]}]},{"@type":"ImageObject","inLanguage":"es","@id":"https:\/\/www.solidaridadobrera.org\/confederal\/in-memoriam\/#primaryimage","url":"https:\/\/www.solidaridadobrera.org\/confederal\/wp-content\/uploads\/2026\/02\/image-4.png","contentUrl":"https:\/\/www.solidaridadobrera.org\/confederal\/wp-content\/uploads\/2026\/02\/image-4.png","width":149,"height":190},{"@type":"BreadcrumbList","@id":"https:\/\/www.solidaridadobrera.org\/confederal\/in-memoriam\/#breadcrumb","itemListElement":[{"@type":"ListItem","position":1,"name":"Portada","item":"https:\/\/www.solidaridadobrera.org\/confederal\/"},{"@type":"ListItem","position":2,"name":"&#x1f5a4; In Memoriam &#x1f5a4;"}]},{"@type":"WebSite","@id":"https:\/\/www.solidaridadobrera.org\/confederal\/#website","url":"https:\/\/www.solidaridadobrera.org\/confederal\/","name":"SOLIDARIDAD OBRERA","description":"Confederaci\u00f3n Anarcosindicalista. La lucha es el \u00fanico camino.","publisher":{"@id":"https:\/\/www.solidaridadobrera.org\/confederal\/#organization"},"potentialAction":[{"@type":"SearchAction","target":{"@type":"EntryPoint","urlTemplate":"https:\/\/www.solidaridadobrera.org\/confederal\/?s={search_term_string}"},"query-input":{"@type":"PropertyValueSpecification","valueRequired":true,"valueName":"search_term_string"}}],"inLanguage":"es"},{"@type":"Organization","@id":"https:\/\/www.solidaridadobrera.org\/confederal\/#organization","name":"Solidaridad Obrera","url":"https:\/\/www.solidaridadobrera.org\/confederal\/","logo":{"@type":"ImageObject","inLanguage":"es","@id":"https:\/\/www.solidaridadobrera.org\/confederal\/#\/schema\/logo\/image\/","url":"https:\/\/www.solidaridadobrera.org\/confederal\/wp-content\/uploads\/2021\/07\/logo_soli_web.png","contentUrl":"https:\/\/www.solidaridadobrera.org\/confederal\/wp-content\/uploads\/2021\/07\/logo_soli_web.png","width":1181,"height":1181,"caption":"Solidaridad Obrera"},"image":{"@id":"https:\/\/www.solidaridadobrera.org\/confederal\/#\/schema\/logo\/image\/"},"sameAs":["https:\/\/es-es.facebook.com\/Soliobrera","https:\/\/www.instagram.com\/soliobrera\/","https:\/\/web.telegram.org\/a\/#-1001124968543"]}]}},"_links":{"self":[{"href":"https:\/\/www.solidaridadobrera.org\/confederal\/wp-json\/wp\/v2\/pages\/12143","targetHints":{"allow":["GET"]}}],"collection":[{"href":"https:\/\/www.solidaridadobrera.org\/confederal\/wp-json\/wp\/v2\/pages"}],"about":[{"href":"https:\/\/www.solidaridadobrera.org\/confederal\/wp-json\/wp\/v2\/types\/page"}],"author":[{"embeddable":true,"href":"https:\/\/www.solidaridadobrera.org\/confederal\/wp-json\/wp\/v2\/users\/18"}],"replies":[{"embeddable":true,"href":"https:\/\/www.solidaridadobrera.org\/confederal\/wp-json\/wp\/v2\/comments?post=12143"}],"version-history":[{"count":30,"href":"https:\/\/www.solidaridadobrera.org\/confederal\/wp-json\/wp\/v2\/pages\/12143\/revisions"}],"predecessor-version":[{"id":178255,"href":"https:\/\/www.solidaridadobrera.org\/confederal\/wp-json\/wp\/v2\/pages\/12143\/revisions\/178255"}],"wp:attachment":[{"href":"https:\/\/www.solidaridadobrera.org\/confederal\/wp-json\/wp\/v2\/media?parent=12143"}],"curies":[{"name":"wp","href":"https:\/\/api.w.org\/{rel}","templated":true}]}}