{"id":12096,"date":"2026-02-02T13:24:14","date_gmt":"2026-02-02T13:24:14","guid":{"rendered":"https:\/\/www.solidaridadobrera.org\/confederal\/?page_id=12096"},"modified":"2026-02-03T09:10:36","modified_gmt":"2026-02-03T09:10:36","slug":"apoyo-a-paradxs","status":"publish","type":"page","link":"https:\/\/www.solidaridadobrera.org\/confederal\/apoyo-a-paradxs\/","title":{"rendered":"Apoyo a paradxs"},"content":{"rendered":"\n<h2 class=\"wp-block-heading\">SOLIDARIDAD OBRERA ABRE UNA CUENTA PARA ALIMENTOS Y PRODUCTOS DE HIGIENE PARA TRABAJADORXS EN PARO<\/h2>\n\n\n<div class=\"wp-block-image\">\n<figure class=\"aligncenter size-full\"><img fetchpriority=\"high\" decoding=\"async\" width=\"1024\" height=\"576\" src=\"https:\/\/www.solidaridadobrera.org\/confederal\/wp-content\/uploads\/2024\/05\/alimentos-para-parados-00-1.jpg\" alt=\"\" class=\"wp-image-11493\" srcset=\"https:\/\/www.solidaridadobrera.org\/confederal\/wp-content\/uploads\/2024\/05\/alimentos-para-parados-00-1.jpg 1024w, https:\/\/www.solidaridadobrera.org\/confederal\/wp-content\/uploads\/2024\/05\/alimentos-para-parados-00-1-300x169.jpg 300w, https:\/\/www.solidaridadobrera.org\/confederal\/wp-content\/uploads\/2024\/05\/alimentos-para-parados-00-1-768x432.jpg 768w\" sizes=\"(max-width: 1024px) 100vw, 1024px\" \/><\/figure>\n<\/div>\n\n\n<p>El coronavirus sigue haciendo estragos en la sociedad espa\u00f1ola. Y el impacto de clase de la pandemia es cada vez m\u00e1s evidente. Mientras se disciplina rotundamente a las clases populares, con un estado policial nunca visto, y se mantiene el pulso econ\u00f3mico m\u00e1s all\u00e1 de lo estrat\u00e9gico, pese a los llamamientos desesperados reclamando el cierre de las actividades no esenciales de una buena parte de la comunidad cient\u00edfica, el conflicto de clase se muestra de forma desnuda y perentoria en la mayor parte de los hogares.<\/p>\n\n\n\n<p>La clase trabajadora est\u00e1 en el centro de la devastaci\u00f3n de esta pandemia: viviendas insalubres, hacinamiento, recursos escasos, salarios de miseria, servicios p\u00fablicos colapsados, precariedad laboral y vital que impone el trabajo en condiciones inseguras o env\u00eda de cabeza a la marginalidad.<\/p>\n\n\n\n<p>Y no podemos olvidar que ya antes de la pandemia un sector importante de la clase trabajadora estaba en una situaci\u00f3n de abierta emergencia humanitaria. Nos referimos a los desempleados, personas dependientes, trabajadores y trabajadoras informales (servicio dom\u00e9stico, venta ambulante, tiempo parcial indeseado, peque\u00f1as \u201c\u00f1apas\u201d, trabajo sexual\u2026), migrantes sin documentaci\u00f3n y, tambi\u00e9n, no lo olvidemos, a todo ese sector creciente en las \u00faltimas d\u00e9cadas, gracias a las recurrentes reformas laborales, conformado por los llamados working poors (trabajadores que, pese a tener un empleo, no consiguen con su sueldo superar el umbral de la pobreza).<\/p>\n\n\n\n<p>Ese sector ha sobrevivido las \u00faltimas d\u00e9cadas gracias a ayudas p\u00fablicas siempre menguantes, al colch\u00f3n familiar, cuando lo hab\u00eda, y a diversas iniciativas de solidaridad de los movimientos sociales y de otros organismos caritativos, como los Bancos de Alimentos o los Bancos de Tiempo presentes en muchas ciudades. Ese sector abiertamente marginalizado se est\u00e1 multiplicando exponencialmente en las \u00faltimas semanas, sin que tengamos siquiera instrumentos para saber en qu\u00e9 medida. Y la profundidad de su miseria se vuelve abisal en una sociedad que, pese a todo, sigue comercializando on line con todo tipo de cachivaches.<\/p>\n\n\n\n<p>Un panorama que nos confirma Aurelio Villanueva, miembro de la Plataforma de Trabajadores en Paro de San Blas y Canillejas, en Madrid: \u201cla gente del distrito est\u00e1 reclamando que haya una ayuda especial, las familias no resisten m\u00e1s tiempo\u201d.<\/p>\n\n\n<div class=\"wp-block-image\">\n<figure class=\"aligncenter size-full\"><img decoding=\"async\" width=\"724\" height=\"1024\" src=\"https:\/\/www.solidaridadobrera.org\/confederal\/wp-content\/uploads\/2024\/05\/alimentos-para-parados-03-724x1024-1.jpg\" alt=\"\" class=\"wp-image-11498\" srcset=\"https:\/\/www.solidaridadobrera.org\/confederal\/wp-content\/uploads\/2024\/05\/alimentos-para-parados-03-724x1024-1.jpg 724w, https:\/\/www.solidaridadobrera.org\/confederal\/wp-content\/uploads\/2024\/05\/alimentos-para-parados-03-724x1024-1-212x300.jpg 212w\" sizes=\"(max-width: 724px) 100vw, 724px\" \/><\/figure>\n<\/div>\n\n\n<p>En San Blas, la Plataforma est\u00e1 repartiendo paquetes de comida de urgencia en los domicilios de las familias m\u00e1s vulnerables y est\u00e1 presentando sus reivindicaciones ante la Junta Municipal. Junto a una Asociaci\u00f3n de Vecinos del barrio, han organizado una campa\u00f1a para ayudar a las personas vulnerables a hacer la compra, obtener medicinas o hacer otras salidas el exterior. Hay muchos ciudadanos que no est\u00e1n teniendo absolutamente ning\u00fan ingreso.<\/p>\n\n\n\n<p>Irene Moreno, del Banco Obrero de Madrid, nos informa, por su parte, de que las despensas de esta organizaci\u00f3n, que tiene varios Bancos Obreros de alimentos en los barrios de Hortaleza, Usera y Tetu\u00e1n, se est\u00e1n vaciando. Grupos de voluntarios de la organizaci\u00f3n est\u00e1n repartiendo comida en los domicilios de las familias m\u00e1s vulnerables. Por ejemplo, en casas de personas mayores o que tienen familiares a su cargo.<\/p>\n\n\n\n<p>Cada d\u00eda llegan pidiendo ayuda m\u00e1s familias en situaciones m\u00e1s extremas. Para tratar de canalizar la solidaridad proletaria, el Banco Obrero ha puesto en marcha una campa\u00f1a de donaciones on line, mediante la que todos y todas podemos donar dinero desde nuestras casas para alimentos, productos para beb\u00e9s, geles, champ\u00fas, productos de higiene femenina y medicamentos. El dinero puede donarse mediante la siguiente p\u00e1gina web: <\/p>\n\n\n<div class=\"wp-block-image\">\n<figure class=\"aligncenter size-full\"><img decoding=\"async\" width=\"1024\" height=\"861\" src=\"https:\/\/www.solidaridadobrera.org\/confederal\/wp-content\/uploads\/2024\/05\/alimentos-para-parados-01-1024x861-1-1.jpg\" alt=\"\" class=\"wp-image-11490\" srcset=\"https:\/\/www.solidaridadobrera.org\/confederal\/wp-content\/uploads\/2024\/05\/alimentos-para-parados-01-1024x861-1-1.jpg 1024w, https:\/\/www.solidaridadobrera.org\/confederal\/wp-content\/uploads\/2024\/05\/alimentos-para-parados-01-1024x861-1-1-300x252.jpg 300w, https:\/\/www.solidaridadobrera.org\/confederal\/wp-content\/uploads\/2024\/05\/alimentos-para-parados-01-1024x861-1-1-768x646.jpg 768w\" sizes=\"(max-width: 1024px) 100vw, 1024px\" \/><\/figure>\n<\/div>\n\n\n<p>Trabajadores y trabajadoras sin empleo, migrantes, subempleados y subempleadas, trabajadores pobres, mayores abandonados. Infraviviendas que impiden realizar cuarentena alguna a familias en la miseria. Ni\u00f1os y ni\u00f1as alimentados con comida basura, gracias a que sus padres figuran en las \u201clistas de pobres\u201d de la autoridad, que manejan empleados precarios de grandes transnacionales.<\/p>\n\n\n\n<p>Ante este panorama, no podemos permanecer pasivos. Tenemos que expresar la solidaridad que da nombre a nuestro sindicato. La Solidaridad Obrera. Es por ello que hemos puesto en marcha una campa\u00f1a de recogida de dinero para la compra de alimentos, bienes perecederos, productos de higiene y medicamentos para la Plataforma de Trabajadores en Paro de San Blas y Canillejas. Hemos empezado por recoger los 10 euros mensuales que, como burla, ha entregado el Metro de Madrid a sus trabajadores para que se compren mascarillas, guantes y gel hidroalcoh\u00f3lico. Pero queremos hacer un llamamiento al resto de trabajadores y trabajadoras que a\u00fan puedan aportar algo para hacer efectiva su solidaridad con las compa\u00f1eras y compa\u00f1eros que peor lo est\u00e1n pasando. Alimentaci\u00f3n es salud. Solidaridad es acci\u00f3n.<\/p>\n\n\n\n<p>El dinero puede ser ingresado en la siguiente cuenta bancaria, poniendo como concepto \u201cAlimentos para Paradxs\u201d.<\/p>\n\n\n\n<h2 class=\"wp-block-heading has-text-align-center\">ES62 2085 8059 3703 3027 5903<\/h2>\n\n\n\n<p>Y, mientras tanto, no nos olvidamos de exigir una Renta B\u00e1sica de Solidaridad, incondicional y suficiente, para todos los que sufren hoy las consecuencias del saqueo continuado en que consiste el capitalismo ya que, literalmente, les va la vida en ello. Lo que se opone a la enfermedad ahora, como ha sucedido siempre, no es la Alarma, sino la Justicia Social.<\/p>\n\n\n\n<p>&nbsp;&nbsp;&nbsp;&nbsp;&nbsp;&nbsp;&nbsp;&nbsp;&nbsp;&nbsp;&nbsp;&nbsp;&nbsp;&nbsp;&nbsp; Confederaci\u00f3n Sindical Solidaridad Obrera.<\/p>\n","protected":false},"excerpt":{"rendered":"<p>SOLIDARIDAD OBRERA ABRE UNA CUENTA PARA ALIMENTOS Y PRODUCTOS DE HIGIENE PARA TRABAJADORXS EN PARO El coronavirus sigue haciendo estragos en la sociedad espa\u00f1ola. Y el impacto de clase de [&hellip;]<\/p>\n","protected":false},"author":18,"featured_media":0,"parent":0,"menu_order":0,"comment_status":"closed","ping_status":"closed","template":"","meta":{"postBodyCss":"","postBodyMargin":[],"postBodyPadding":[],"postBodyBackground":{"backgroundType":"classic","gradient":""},"ngg_post_thumbnail":0,"footnotes":""},"class_list":["post-12096","page","type-page","status-publish","hentry"],"yoast_head":"<!-- This site is optimized with the Yoast SEO plugin v27.3 - https:\/\/yoast.com\/product\/yoast-seo-wordpress\/ -->\n<title>Apoyo a paradxs - CONFEDERACI\u00d3N SOLIDARIDAD OBRERA<\/title>\n<meta name=\"robots\" content=\"index, follow, max-snippet:-1, max-image-preview:large, max-video-preview:-1\" \/>\n<link rel=\"canonical\" href=\"https:\/\/www.solidaridadobrera.org\/confederal\/apoyo-a-paradxs\/\" \/>\n<meta property=\"og:locale\" content=\"es_ES\" \/>\n<meta property=\"og:type\" content=\"article\" \/>\n<meta property=\"og:title\" content=\"Apoyo a paradxs - CONFEDERACI\u00d3N SOLIDARIDAD OBRERA\" \/>\n<meta property=\"og:description\" content=\"SOLIDARIDAD OBRERA ABRE UNA CUENTA PARA ALIMENTOS Y PRODUCTOS DE HIGIENE PARA TRABAJADORXS EN PARO El coronavirus sigue haciendo estragos en la sociedad espa\u00f1ola. Y el impacto de clase de [&hellip;]\" \/>\n<meta property=\"og:url\" content=\"https:\/\/www.solidaridadobrera.org\/confederal\/apoyo-a-paradxs\/\" \/>\n<meta property=\"og:site_name\" content=\"CONFEDERACI\u00d3N SOLIDARIDAD OBRERA\" \/>\n<meta property=\"article:publisher\" content=\"https:\/\/es-es.facebook.com\/Soliobrera\" \/>\n<meta property=\"article:modified_time\" content=\"2026-02-03T09:10:36+00:00\" \/>\n<meta property=\"og:image\" content=\"https:\/\/www.solidaridadobrera.org\/confederal\/wp-content\/uploads\/2024\/05\/alimentos-para-parados-00-1.jpg\" \/>\n\t<meta property=\"og:image:width\" content=\"1024\" \/>\n\t<meta property=\"og:image:height\" content=\"576\" \/>\n\t<meta property=\"og:image:type\" content=\"image\/jpeg\" \/>\n<meta name=\"twitter:card\" content=\"summary_large_image\" \/>\n<meta name=\"twitter:label1\" content=\"Tiempo de lectura\" \/>\n\t<meta name=\"twitter:data1\" content=\"5 minutos\" \/>\n<script type=\"application\/ld+json\" class=\"yoast-schema-graph\">{\"@context\":\"https:\\\/\\\/schema.org\",\"@graph\":[{\"@type\":\"WebPage\",\"@id\":\"https:\\\/\\\/www.solidaridadobrera.org\\\/confederal\\\/apoyo-a-paradxs\\\/\",\"url\":\"https:\\\/\\\/www.solidaridadobrera.org\\\/confederal\\\/apoyo-a-paradxs\\\/\",\"name\":\"Apoyo a paradxs - CONFEDERACI\u00d3N SOLIDARIDAD OBRERA\",\"isPartOf\":{\"@id\":\"https:\\\/\\\/www.solidaridadobrera.org\\\/confederal\\\/#website\"},\"primaryImageOfPage\":{\"@id\":\"https:\\\/\\\/www.solidaridadobrera.org\\\/confederal\\\/apoyo-a-paradxs\\\/#primaryimage\"},\"image\":{\"@id\":\"https:\\\/\\\/www.solidaridadobrera.org\\\/confederal\\\/apoyo-a-paradxs\\\/#primaryimage\"},\"thumbnailUrl\":\"https:\\\/\\\/www.solidaridadobrera.org\\\/confederal\\\/wp-content\\\/uploads\\\/2024\\\/05\\\/alimentos-para-parados-00-1.jpg\",\"datePublished\":\"2026-02-02T13:24:14+00:00\",\"dateModified\":\"2026-02-03T09:10:36+00:00\",\"breadcrumb\":{\"@id\":\"https:\\\/\\\/www.solidaridadobrera.org\\\/confederal\\\/apoyo-a-paradxs\\\/#breadcrumb\"},\"inLanguage\":\"es\",\"potentialAction\":[{\"@type\":\"ReadAction\",\"target\":[\"https:\\\/\\\/www.solidaridadobrera.org\\\/confederal\\\/apoyo-a-paradxs\\\/\"]}]},{\"@type\":\"ImageObject\",\"inLanguage\":\"es\",\"@id\":\"https:\\\/\\\/www.solidaridadobrera.org\\\/confederal\\\/apoyo-a-paradxs\\\/#primaryimage\",\"url\":\"https:\\\/\\\/www.solidaridadobrera.org\\\/confederal\\\/wp-content\\\/uploads\\\/2024\\\/05\\\/alimentos-para-parados-00-1.jpg\",\"contentUrl\":\"https:\\\/\\\/www.solidaridadobrera.org\\\/confederal\\\/wp-content\\\/uploads\\\/2024\\\/05\\\/alimentos-para-parados-00-1.jpg\",\"width\":1024,\"height\":576},{\"@type\":\"BreadcrumbList\",\"@id\":\"https:\\\/\\\/www.solidaridadobrera.org\\\/confederal\\\/apoyo-a-paradxs\\\/#breadcrumb\",\"itemListElement\":[{\"@type\":\"ListItem\",\"position\":1,\"name\":\"Portada\",\"item\":\"https:\\\/\\\/www.solidaridadobrera.org\\\/confederal\\\/\"},{\"@type\":\"ListItem\",\"position\":2,\"name\":\"Apoyo a paradxs\"}]},{\"@type\":\"WebSite\",\"@id\":\"https:\\\/\\\/www.solidaridadobrera.org\\\/confederal\\\/#website\",\"url\":\"https:\\\/\\\/www.solidaridadobrera.org\\\/confederal\\\/\",\"name\":\"SOLIDARIDAD OBRERA\",\"description\":\"Confederaci\u00f3n Anarcosindicalista. La lucha es el \u00fanico camino.\",\"publisher\":{\"@id\":\"https:\\\/\\\/www.solidaridadobrera.org\\\/confederal\\\/#organization\"},\"potentialAction\":[{\"@type\":\"SearchAction\",\"target\":{\"@type\":\"EntryPoint\",\"urlTemplate\":\"https:\\\/\\\/www.solidaridadobrera.org\\\/confederal\\\/?s={search_term_string}\"},\"query-input\":{\"@type\":\"PropertyValueSpecification\",\"valueRequired\":true,\"valueName\":\"search_term_string\"}}],\"inLanguage\":\"es\"},{\"@type\":\"Organization\",\"@id\":\"https:\\\/\\\/www.solidaridadobrera.org\\\/confederal\\\/#organization\",\"name\":\"Solidaridad Obrera\",\"url\":\"https:\\\/\\\/www.solidaridadobrera.org\\\/confederal\\\/\",\"logo\":{\"@type\":\"ImageObject\",\"inLanguage\":\"es\",\"@id\":\"https:\\\/\\\/www.solidaridadobrera.org\\\/confederal\\\/#\\\/schema\\\/logo\\\/image\\\/\",\"url\":\"https:\\\/\\\/www.solidaridadobrera.org\\\/confederal\\\/wp-content\\\/uploads\\\/2021\\\/07\\\/logo_soli_web.png\",\"contentUrl\":\"https:\\\/\\\/www.solidaridadobrera.org\\\/confederal\\\/wp-content\\\/uploads\\\/2021\\\/07\\\/logo_soli_web.png\",\"width\":1181,\"height\":1181,\"caption\":\"Solidaridad Obrera\"},\"image\":{\"@id\":\"https:\\\/\\\/www.solidaridadobrera.org\\\/confederal\\\/#\\\/schema\\\/logo\\\/image\\\/\"},\"sameAs\":[\"https:\\\/\\\/es-es.facebook.com\\\/Soliobrera\",\"https:\\\/\\\/www.instagram.com\\\/soliobrera\\\/\",\"https:\\\/\\\/web.telegram.org\\\/a\\\/#-1001124968543\"]}]}<\/script>\n<!-- \/ Yoast SEO plugin. -->","yoast_head_json":{"title":"Apoyo a paradxs - CONFEDERACI\u00d3N SOLIDARIDAD OBRERA","robots":{"index":"index","follow":"follow","max-snippet":"max-snippet:-1","max-image-preview":"max-image-preview:large","max-video-preview":"max-video-preview:-1"},"canonical":"https:\/\/www.solidaridadobrera.org\/confederal\/apoyo-a-paradxs\/","og_locale":"es_ES","og_type":"article","og_title":"Apoyo a paradxs - CONFEDERACI\u00d3N SOLIDARIDAD OBRERA","og_description":"SOLIDARIDAD OBRERA ABRE UNA CUENTA PARA ALIMENTOS Y PRODUCTOS DE HIGIENE PARA TRABAJADORXS EN PARO El coronavirus sigue haciendo estragos en la sociedad espa\u00f1ola. Y el impacto de clase de [&hellip;]","og_url":"https:\/\/www.solidaridadobrera.org\/confederal\/apoyo-a-paradxs\/","og_site_name":"CONFEDERACI\u00d3N SOLIDARIDAD OBRERA","article_publisher":"https:\/\/es-es.facebook.com\/Soliobrera","article_modified_time":"2026-02-03T09:10:36+00:00","og_image":[{"width":1024,"height":576,"url":"https:\/\/www.solidaridadobrera.org\/confederal\/wp-content\/uploads\/2024\/05\/alimentos-para-parados-00-1.jpg","type":"image\/jpeg"}],"twitter_card":"summary_large_image","twitter_misc":{"Tiempo de lectura":"5 minutos"},"schema":{"@context":"https:\/\/schema.org","@graph":[{"@type":"WebPage","@id":"https:\/\/www.solidaridadobrera.org\/confederal\/apoyo-a-paradxs\/","url":"https:\/\/www.solidaridadobrera.org\/confederal\/apoyo-a-paradxs\/","name":"Apoyo a paradxs - CONFEDERACI\u00d3N SOLIDARIDAD OBRERA","isPartOf":{"@id":"https:\/\/www.solidaridadobrera.org\/confederal\/#website"},"primaryImageOfPage":{"@id":"https:\/\/www.solidaridadobrera.org\/confederal\/apoyo-a-paradxs\/#primaryimage"},"image":{"@id":"https:\/\/www.solidaridadobrera.org\/confederal\/apoyo-a-paradxs\/#primaryimage"},"thumbnailUrl":"https:\/\/www.solidaridadobrera.org\/confederal\/wp-content\/uploads\/2024\/05\/alimentos-para-parados-00-1.jpg","datePublished":"2026-02-02T13:24:14+00:00","dateModified":"2026-02-03T09:10:36+00:00","breadcrumb":{"@id":"https:\/\/www.solidaridadobrera.org\/confederal\/apoyo-a-paradxs\/#breadcrumb"},"inLanguage":"es","potentialAction":[{"@type":"ReadAction","target":["https:\/\/www.solidaridadobrera.org\/confederal\/apoyo-a-paradxs\/"]}]},{"@type":"ImageObject","inLanguage":"es","@id":"https:\/\/www.solidaridadobrera.org\/confederal\/apoyo-a-paradxs\/#primaryimage","url":"https:\/\/www.solidaridadobrera.org\/confederal\/wp-content\/uploads\/2024\/05\/alimentos-para-parados-00-1.jpg","contentUrl":"https:\/\/www.solidaridadobrera.org\/confederal\/wp-content\/uploads\/2024\/05\/alimentos-para-parados-00-1.jpg","width":1024,"height":576},{"@type":"BreadcrumbList","@id":"https:\/\/www.solidaridadobrera.org\/confederal\/apoyo-a-paradxs\/#breadcrumb","itemListElement":[{"@type":"ListItem","position":1,"name":"Portada","item":"https:\/\/www.solidaridadobrera.org\/confederal\/"},{"@type":"ListItem","position":2,"name":"Apoyo a paradxs"}]},{"@type":"WebSite","@id":"https:\/\/www.solidaridadobrera.org\/confederal\/#website","url":"https:\/\/www.solidaridadobrera.org\/confederal\/","name":"SOLIDARIDAD OBRERA","description":"Confederaci\u00f3n Anarcosindicalista. La lucha es el \u00fanico camino.","publisher":{"@id":"https:\/\/www.solidaridadobrera.org\/confederal\/#organization"},"potentialAction":[{"@type":"SearchAction","target":{"@type":"EntryPoint","urlTemplate":"https:\/\/www.solidaridadobrera.org\/confederal\/?s={search_term_string}"},"query-input":{"@type":"PropertyValueSpecification","valueRequired":true,"valueName":"search_term_string"}}],"inLanguage":"es"},{"@type":"Organization","@id":"https:\/\/www.solidaridadobrera.org\/confederal\/#organization","name":"Solidaridad Obrera","url":"https:\/\/www.solidaridadobrera.org\/confederal\/","logo":{"@type":"ImageObject","inLanguage":"es","@id":"https:\/\/www.solidaridadobrera.org\/confederal\/#\/schema\/logo\/image\/","url":"https:\/\/www.solidaridadobrera.org\/confederal\/wp-content\/uploads\/2021\/07\/logo_soli_web.png","contentUrl":"https:\/\/www.solidaridadobrera.org\/confederal\/wp-content\/uploads\/2021\/07\/logo_soli_web.png","width":1181,"height":1181,"caption":"Solidaridad Obrera"},"image":{"@id":"https:\/\/www.solidaridadobrera.org\/confederal\/#\/schema\/logo\/image\/"},"sameAs":["https:\/\/es-es.facebook.com\/Soliobrera","https:\/\/www.instagram.com\/soliobrera\/","https:\/\/web.telegram.org\/a\/#-1001124968543"]}]}},"_links":{"self":[{"href":"https:\/\/www.solidaridadobrera.org\/confederal\/wp-json\/wp\/v2\/pages\/12096","targetHints":{"allow":["GET"]}}],"collection":[{"href":"https:\/\/www.solidaridadobrera.org\/confederal\/wp-json\/wp\/v2\/pages"}],"about":[{"href":"https:\/\/www.solidaridadobrera.org\/confederal\/wp-json\/wp\/v2\/types\/page"}],"author":[{"embeddable":true,"href":"https:\/\/www.solidaridadobrera.org\/confederal\/wp-json\/wp\/v2\/users\/18"}],"replies":[{"embeddable":true,"href":"https:\/\/www.solidaridadobrera.org\/confederal\/wp-json\/wp\/v2\/comments?post=12096"}],"version-history":[{"count":4,"href":"https:\/\/www.solidaridadobrera.org\/confederal\/wp-json\/wp\/v2\/pages\/12096\/revisions"}],"predecessor-version":[{"id":12320,"href":"https:\/\/www.solidaridadobrera.org\/confederal\/wp-json\/wp\/v2\/pages\/12096\/revisions\/12320"}],"wp:attachment":[{"href":"https:\/\/www.solidaridadobrera.org\/confederal\/wp-json\/wp\/v2\/media?parent=12096"}],"curies":[{"name":"wp","href":"https:\/\/api.w.org\/{rel}","templated":true}]}}