{"id":11786,"date":"2026-01-30T23:48:14","date_gmt":"2026-01-30T23:48:14","guid":{"rendered":"https:\/\/www.solidaridadobrera.org\/confederal\/?page_id=11786"},"modified":"2026-01-30T23:48:52","modified_gmt":"2026-01-30T23:48:52","slug":"reglamento-de-congresos","status":"publish","type":"page","link":"https:\/\/www.solidaridadobrera.org\/confederal\/reglamento-de-congresos\/","title":{"rendered":"Reglamento de Congresos"},"content":{"rendered":"\n<div style=\"text-align:center;\"><img fetchpriority=\"high\" decoding=\"async\" src=\"https:\/\/www.solidaridadobrera.org\/fotos\/sindicalismo_solidaridad_obrera_04.gif\" width=\"502\" height=\"248\"><\/div>\n\n\n\n<p><strong>Art\u00edculo 1\u00ba<\/strong>.- El Congreso de Solidaridad Obrera es el m\u00e1ximo \u00f3rgano de decisi\u00f3n de la misma. Ser\u00e1 convocado cada cuatro a\u00f1os. Se celebrar\u00e1 de forma extraordinaria siempre que sea solicitado formalmente por, al menos, un tercio de los sindicatos que conforman la Confederaci\u00f3n Sindical, sin tener en cuenta para ello ni el n\u00famero de votos que representan, ni el n\u00famero de afiliados. En este caso cada sindicato tendr\u00e1 un voto.<br><strong><br>Art\u00edculo 2\u00ba<\/strong>.- Tres meses antes del inicio del Congreso se constituir\u00e1 la Mesa Preparatoria, compuesta por al menos 6 miembros elegidos para ello en la Federaci\u00f3n Local de residencia del mismo.<br><br><strong>Art\u00edculo 3\u00ba<\/strong>.- La Mesa Preparatoria comunicar\u00e1 a todos los sindicatos los plazos de elaboraci\u00f3n y env\u00edo de&nbsp;ponencias, que en ning\u00fan caso ser\u00e1 inferior a un mes. As\u00ed mismo solicitar\u00e1 de todos los sindicatos el estado de cuentas con detalle del n\u00famero de afiliados de cada uno de ellos.<br><br><strong>Art\u00edculo 4\u00ba<\/strong>.- Una vez concluido el plazo de entrega de&nbsp;ponencias, la Mesa Preparatoria elaborar\u00e1 el Orden del&nbsp;D\u00eda del Congreso, recogiendo, ineludiblemente, todos los puntos que las distintas&nbsp;ponencias&nbsp;enviadas contengan.<br><br><strong>Art\u00edculo 5\u00ba<\/strong>.- Dentro de los 10 d\u00edas siguientes, la Mesa Preparatoria remitir\u00e1 a todos los sindicatos de la Confederaci\u00f3n el Orden del D\u00eda del Congreso conjuntamente con el&nbsp;Cuaderno de&nbsp;Ponencias, en el que se recoger\u00e1n todas las&nbsp;ponencias&nbsp;enviadas dentro del plazo habilitado para ello. Las&nbsp;ponencias&nbsp;pueden tocar cualquier aspecto de la organizaci\u00f3n que se quiera someter al dictamen del Congreso y podr\u00e1n ser presentadas por cualquier afiliado\/a, individual o colectivamente, Secci\u00f3n Sindical, Sindicato o Federaci\u00f3n. La&nbsp;ponencia&nbsp;que no haya sido remitida dentro del plazo no continuar\u00e1, en ning\u00fan modo el proceso congresual. A este respecto las&nbsp;ponencias&nbsp;podr\u00e1n ser entregadas hasta las 24h del d\u00eda fijado como fin de plazo, bien en mano, por correo o por fax.<br><br><strong>Art\u00edculo 6\u00ba<\/strong>.- Obligatoriamente todos los sindicatos de la Confederaci\u00f3n recibir\u00e1n el Cuaderno de&nbsp;ponencias&nbsp;con al menos una antelaci\u00f3n de un mes antes del inicio del mismo. Este mismo plazo es de obligado cumplimiento para recibir los votos que cada sindicato tendr\u00e1 en el Congreso una vez analizado el estado de cuentas y afiliaciones. Contra esta asignaci\u00f3n provisional de votos se podr\u00e1 reclamar en el plazo de los 15 d\u00edas siguientes aportando los documentos que se crean necesarios. Las reclamaciones las resolver\u00e1 la Mesa Preparatoria en los cinco d\u00edas siguientes, public\u00e1ndose entonces la asignaci\u00f3n definitiva de votos.<\/p>\n\n\n\n<h2 class=\"wp-block-heading\"><strong>APERTURA Y DESARROLLO DEL CONGRESO<\/strong><\/h2>\n\n\n\n<p><strong>Art\u00edculo 7\u00ba<\/strong>.- El Congreso de Solidaridad Obrera estar\u00e1 constituido por los delegados directos de los distintos sindicatos, debiendo estar elegidos para ello en Asamblea General de afiliados de cada Sindicato convocada al efecto. Estos delegados deber\u00e1n aportar a la Mesa preparatoria copia del acta de dicha Asamblea donde conste expresamente los datos de los afiliados elegidos, as\u00ed como copia de la convocatoria de la correspondiente Asamblea.<\/p>\n\n\n\n<p><br><strong>Art\u00edculo 8\u00ba<\/strong>.- Podr\u00e1n enviar delegados al Congreso todos los sindicatos constituidos a la fecha de su convocatoria formal, es decir tres meses antes de su inicio. Los Sindicatos constituidos o federados despu\u00e9s de esta fecha podr\u00e1n asistir con voz pero sin voto.<\/p>\n\n\n\n<p><br><strong>Art\u00edculo 9\u00ba<\/strong>.- Los sindicatos que participen en el Congreso contar\u00e1n con los votos que en la siguiente tabla se estipulan en relaci\u00f3n a la media de afiliaci\u00f3n de los seis meses anteriores a la fecha de la convocatoria formal del mismo.<\/p>\n\n\n\n<p><br>Hasta 100 afiliados\/as:&nbsp;&nbsp;&nbsp;&nbsp;&nbsp;&nbsp;&nbsp;&nbsp;&nbsp;&nbsp; 2 Votos.<br>De 101 afiliados\/as a 500:&nbsp; &nbsp;&nbsp;&nbsp;&nbsp; 3 Votos.<br>De 501 afiliados\/as a 1000:&nbsp;&nbsp;&nbsp;&nbsp; 4 Votos.<br>De 1001 en adelante:&nbsp;&nbsp;&nbsp;&nbsp;&nbsp;&nbsp;&nbsp;&nbsp;&nbsp;&nbsp;&nbsp;&nbsp; 5 Votos.<\/p>\n\n\n\n<p><br><strong>Art\u00edculo 10\u00ba<\/strong>.- Los delegados al congreso ser\u00e1n recibidos por la Mesa Preparatoria que les dotar\u00e1 de la necesaria credencial.&nbsp;En ese momento los delegados entregaran copia de los acuerdos de su sindicato para los diferentes puntos del Orden del D\u00eda.<\/p>\n\n\n\n<p><br><strong>Art\u00edculo 11\u00ba<\/strong>.- La Mesa Preparatoria del Congreso se har\u00e1 cargo de la apertura del mismo, as\u00ed como de la elecci\u00f3n de las Mesas de cada punto del Orden del D\u00eda, excepto la referida al 1\u00ba punto obligatorio de Informe de Gesti\u00f3n que estar\u00e1 compuesta por el Secretariado Permanente del Comit\u00e9 Confederal saliente.<br><br>De igual modo la Mesa Preparatoria moderar\u00e1 la discusi\u00f3n de los siguientes temas de Congreso:<br>\u2013 Horario de sesiones<br>\u2013 Comisi\u00f3n Revisora. Compuesta por delegados de 5 miembros elegidos por el Congreso, que estar\u00e1 encargada de resolver todo tipo de impugnaciones respecto a las decisiones ya tratadas como reclamaciones ante la propia Mesa Preparatoria.<br>As\u00ed mismo se encargar\u00e1 de revisar la contabilidad presentada por el Secretariado Permanente del Comit\u00e9 Confederal, emitiendo un informe del mismo ante el Congreso.<br>\u2013 Comisiones de&nbsp;Ponencia. Compuestas por un m\u00e1ximo de ocho delegados de otros tantos sindicatos que trataran cada una de ellas un solo punto del Orden del D\u00eda del Congreso. Tras el debate de cada Comisi\u00f3n se redactar\u00e1 el dictamen de la misma.<br>De haber miembros de la comisi\u00f3n disconformes se podr\u00e1n presentar enmiendas parciales o en su caso dictamen alternativo para su discusi\u00f3n directa en el Pleno del Congreso.<\/p>\n\n\n\n<h2 class=\"wp-block-heading\"><strong>DEL PLENO DEL CONGRESO<\/strong><\/h2>\n\n\n\n<p><strong>Art\u00edculo 12\u00ba<\/strong>.- Si el dictamen de una Comisi\u00f3n de&nbsp;Ponencia&nbsp;fuese un\u00e1nime, la Mesa proceder\u00e1 a la votaci\u00f3n. De ser aprobado quedar\u00eda como acuerdo de congreso.<br>En caso contrario, es decir si es rechazado, se abrir\u00e1 un turno cerrado de intervenciones y la Mesa resolver\u00e1 las actuaciones a seguir, teniendo la capacidad de someter al pleno del congreso el aplazamiento del punto del Orden del D\u00eda afectado a un Congreso Extraordinario a celebrar tres meses despu\u00e9s de la finalizaci\u00f3n del actual.<\/p>\n\n\n\n<p><strong><br>Art\u00edculo 13\u00ba<\/strong>.- De existir enmiendas parciales, se pasar\u00eda a votaci\u00f3n, en primer lugar, el dictamen de la Comisi\u00f3n de&nbsp;Ponencia, abri\u00e9ndose a continuaci\u00f3n un turno de palabras sobre la enmienda o enmiendas. Una vez concluido se pasar\u00eda a la votaci\u00f3n de las mismas, que en caso de ser aprobadas por el Pleno se incorporar\u00eda al dictamen de la Comisi\u00f3n como acuerdo de Congreso.<\/p>\n\n\n\n<p><br><strong>Art\u00edculo 14\u00ba<\/strong>.- Si existiesen votos particulares, antes de proceder a la votaci\u00f3n se abrir\u00e1 un turno de palabras. Terminado \u00e9ste se proceder\u00e1 a la votaci\u00f3n alternativa quedando como acuerdo de Congreso aquella que resultase mayoritaria.<\/p>\n\n\n\n<p><br><strong>Art\u00edculo 15\u00ba<\/strong>.- Si la Comisi\u00f3n de&nbsp;Ponencia&nbsp;presentase dict\u00e1menes alternativos se abrir\u00e1 un turno de palabras y una vez terminado el mismo se proceder\u00e1 a la votaci\u00f3n, resultando acuerdo de Congreso aquella que fuese respaldada por la mayor\u00eda.<\/p>\n\n\n\n<h2 class=\"wp-block-heading\"><strong>MODIFICACIONES DEL REGLAMENTO DE CONGRESOS<\/strong><\/h2>\n\n\n\n<p><strong>Art\u00edculo 16\u00ba<\/strong>.- Las modificaciones del Reglamento de Congresos de Solidaridad Obrera podr\u00e1n efectuarse, \u00fanica y exclusivamente, por Acuerdo de Congreso<\/p>\n","protected":false},"excerpt":{"rendered":"<p>Art\u00edculo 1\u00ba.- El Congreso de Solidaridad Obrera es el m\u00e1ximo \u00f3rgano de decisi\u00f3n de la misma. Ser\u00e1 convocado cada cuatro a\u00f1os. Se celebrar\u00e1 de forma extraordinaria siempre que sea solicitado [&hellip;]<\/p>\n","protected":false},"author":18,"featured_media":0,"parent":0,"menu_order":0,"comment_status":"closed","ping_status":"closed","template":"","meta":{"postBodyCss":"","postBodyMargin":[],"postBodyPadding":[],"postBodyBackground":{"backgroundType":"classic","gradient":""},"ngg_post_thumbnail":0,"footnotes":""},"class_list":["post-11786","page","type-page","status-publish","hentry"],"yoast_head":"<!-- This site is optimized with the Yoast SEO plugin v27.3 - https:\/\/yoast.com\/product\/yoast-seo-wordpress\/ -->\n<title>Reglamento de Congresos - CONFEDERACI\u00d3N SOLIDARIDAD OBRERA<\/title>\n<meta name=\"robots\" content=\"index, follow, max-snippet:-1, max-image-preview:large, max-video-preview:-1\" \/>\n<link rel=\"canonical\" href=\"https:\/\/www.solidaridadobrera.org\/confederal\/reglamento-de-congresos\/\" \/>\n<meta property=\"og:locale\" content=\"es_ES\" \/>\n<meta property=\"og:type\" content=\"article\" \/>\n<meta property=\"og:title\" content=\"Reglamento de Congresos - CONFEDERACI\u00d3N SOLIDARIDAD OBRERA\" \/>\n<meta property=\"og:description\" content=\"Art\u00edculo 1\u00ba.- El Congreso de Solidaridad Obrera es el m\u00e1ximo \u00f3rgano de decisi\u00f3n de la misma. Ser\u00e1 convocado cada cuatro a\u00f1os. Se celebrar\u00e1 de forma extraordinaria siempre que sea solicitado [&hellip;]\" \/>\n<meta property=\"og:url\" content=\"https:\/\/www.solidaridadobrera.org\/confederal\/reglamento-de-congresos\/\" \/>\n<meta property=\"og:site_name\" content=\"CONFEDERACI\u00d3N SOLIDARIDAD OBRERA\" \/>\n<meta property=\"article:publisher\" content=\"https:\/\/es-es.facebook.com\/Soliobrera\" \/>\n<meta property=\"article:modified_time\" content=\"2026-01-30T23:48:52+00:00\" \/>\n<meta property=\"og:image\" content=\"https:\/\/www.solidaridadobrera.org\/fotos\/sindicalismo_solidaridad_obrera_04.gif\" \/>\n<meta name=\"twitter:card\" content=\"summary_large_image\" \/>\n<meta name=\"twitter:label1\" content=\"Tiempo de lectura\" \/>\n\t<meta name=\"twitter:data1\" content=\"6 minutos\" \/>\n<script type=\"application\/ld+json\" class=\"yoast-schema-graph\">{\"@context\":\"https:\\\/\\\/schema.org\",\"@graph\":[{\"@type\":\"WebPage\",\"@id\":\"https:\\\/\\\/www.solidaridadobrera.org\\\/confederal\\\/reglamento-de-congresos\\\/\",\"url\":\"https:\\\/\\\/www.solidaridadobrera.org\\\/confederal\\\/reglamento-de-congresos\\\/\",\"name\":\"Reglamento de Congresos - CONFEDERACI\u00d3N SOLIDARIDAD OBRERA\",\"isPartOf\":{\"@id\":\"https:\\\/\\\/www.solidaridadobrera.org\\\/confederal\\\/#website\"},\"primaryImageOfPage\":{\"@id\":\"https:\\\/\\\/www.solidaridadobrera.org\\\/confederal\\\/reglamento-de-congresos\\\/#primaryimage\"},\"image\":{\"@id\":\"https:\\\/\\\/www.solidaridadobrera.org\\\/confederal\\\/reglamento-de-congresos\\\/#primaryimage\"},\"thumbnailUrl\":\"https:\\\/\\\/www.solidaridadobrera.org\\\/fotos\\\/sindicalismo_solidaridad_obrera_04.gif\",\"datePublished\":\"2026-01-30T23:48:14+00:00\",\"dateModified\":\"2026-01-30T23:48:52+00:00\",\"breadcrumb\":{\"@id\":\"https:\\\/\\\/www.solidaridadobrera.org\\\/confederal\\\/reglamento-de-congresos\\\/#breadcrumb\"},\"inLanguage\":\"es\",\"potentialAction\":[{\"@type\":\"ReadAction\",\"target\":[\"https:\\\/\\\/www.solidaridadobrera.org\\\/confederal\\\/reglamento-de-congresos\\\/\"]}]},{\"@type\":\"ImageObject\",\"inLanguage\":\"es\",\"@id\":\"https:\\\/\\\/www.solidaridadobrera.org\\\/confederal\\\/reglamento-de-congresos\\\/#primaryimage\",\"url\":\"https:\\\/\\\/www.solidaridadobrera.org\\\/fotos\\\/sindicalismo_solidaridad_obrera_04.gif\",\"contentUrl\":\"https:\\\/\\\/www.solidaridadobrera.org\\\/fotos\\\/sindicalismo_solidaridad_obrera_04.gif\"},{\"@type\":\"BreadcrumbList\",\"@id\":\"https:\\\/\\\/www.solidaridadobrera.org\\\/confederal\\\/reglamento-de-congresos\\\/#breadcrumb\",\"itemListElement\":[{\"@type\":\"ListItem\",\"position\":1,\"name\":\"Portada\",\"item\":\"https:\\\/\\\/www.solidaridadobrera.org\\\/confederal\\\/\"},{\"@type\":\"ListItem\",\"position\":2,\"name\":\"Reglamento de Congresos\"}]},{\"@type\":\"WebSite\",\"@id\":\"https:\\\/\\\/www.solidaridadobrera.org\\\/confederal\\\/#website\",\"url\":\"https:\\\/\\\/www.solidaridadobrera.org\\\/confederal\\\/\",\"name\":\"SOLIDARIDAD OBRERA\",\"description\":\"Confederaci\u00f3n Anarcosindicalista. La lucha es el \u00fanico camino.\",\"publisher\":{\"@id\":\"https:\\\/\\\/www.solidaridadobrera.org\\\/confederal\\\/#organization\"},\"potentialAction\":[{\"@type\":\"SearchAction\",\"target\":{\"@type\":\"EntryPoint\",\"urlTemplate\":\"https:\\\/\\\/www.solidaridadobrera.org\\\/confederal\\\/?s={search_term_string}\"},\"query-input\":{\"@type\":\"PropertyValueSpecification\",\"valueRequired\":true,\"valueName\":\"search_term_string\"}}],\"inLanguage\":\"es\"},{\"@type\":\"Organization\",\"@id\":\"https:\\\/\\\/www.solidaridadobrera.org\\\/confederal\\\/#organization\",\"name\":\"Solidaridad Obrera\",\"url\":\"https:\\\/\\\/www.solidaridadobrera.org\\\/confederal\\\/\",\"logo\":{\"@type\":\"ImageObject\",\"inLanguage\":\"es\",\"@id\":\"https:\\\/\\\/www.solidaridadobrera.org\\\/confederal\\\/#\\\/schema\\\/logo\\\/image\\\/\",\"url\":\"https:\\\/\\\/www.solidaridadobrera.org\\\/confederal\\\/wp-content\\\/uploads\\\/2021\\\/07\\\/logo_soli_web.png\",\"contentUrl\":\"https:\\\/\\\/www.solidaridadobrera.org\\\/confederal\\\/wp-content\\\/uploads\\\/2021\\\/07\\\/logo_soli_web.png\",\"width\":1181,\"height\":1181,\"caption\":\"Solidaridad Obrera\"},\"image\":{\"@id\":\"https:\\\/\\\/www.solidaridadobrera.org\\\/confederal\\\/#\\\/schema\\\/logo\\\/image\\\/\"},\"sameAs\":[\"https:\\\/\\\/es-es.facebook.com\\\/Soliobrera\",\"https:\\\/\\\/www.instagram.com\\\/soliobrera\\\/\",\"https:\\\/\\\/web.telegram.org\\\/a\\\/#-1001124968543\"]}]}<\/script>\n<!-- \/ Yoast SEO plugin. -->","yoast_head_json":{"title":"Reglamento de Congresos - CONFEDERACI\u00d3N SOLIDARIDAD OBRERA","robots":{"index":"index","follow":"follow","max-snippet":"max-snippet:-1","max-image-preview":"max-image-preview:large","max-video-preview":"max-video-preview:-1"},"canonical":"https:\/\/www.solidaridadobrera.org\/confederal\/reglamento-de-congresos\/","og_locale":"es_ES","og_type":"article","og_title":"Reglamento de Congresos - CONFEDERACI\u00d3N SOLIDARIDAD OBRERA","og_description":"Art\u00edculo 1\u00ba.- El Congreso de Solidaridad Obrera es el m\u00e1ximo \u00f3rgano de decisi\u00f3n de la misma. Ser\u00e1 convocado cada cuatro a\u00f1os. Se celebrar\u00e1 de forma extraordinaria siempre que sea solicitado [&hellip;]","og_url":"https:\/\/www.solidaridadobrera.org\/confederal\/reglamento-de-congresos\/","og_site_name":"CONFEDERACI\u00d3N SOLIDARIDAD OBRERA","article_publisher":"https:\/\/es-es.facebook.com\/Soliobrera","article_modified_time":"2026-01-30T23:48:52+00:00","og_image":[{"url":"https:\/\/www.solidaridadobrera.org\/fotos\/sindicalismo_solidaridad_obrera_04.gif","type":"","width":"","height":""}],"twitter_card":"summary_large_image","twitter_misc":{"Tiempo de lectura":"6 minutos"},"schema":{"@context":"https:\/\/schema.org","@graph":[{"@type":"WebPage","@id":"https:\/\/www.solidaridadobrera.org\/confederal\/reglamento-de-congresos\/","url":"https:\/\/www.solidaridadobrera.org\/confederal\/reglamento-de-congresos\/","name":"Reglamento de Congresos - CONFEDERACI\u00d3N SOLIDARIDAD OBRERA","isPartOf":{"@id":"https:\/\/www.solidaridadobrera.org\/confederal\/#website"},"primaryImageOfPage":{"@id":"https:\/\/www.solidaridadobrera.org\/confederal\/reglamento-de-congresos\/#primaryimage"},"image":{"@id":"https:\/\/www.solidaridadobrera.org\/confederal\/reglamento-de-congresos\/#primaryimage"},"thumbnailUrl":"https:\/\/www.solidaridadobrera.org\/fotos\/sindicalismo_solidaridad_obrera_04.gif","datePublished":"2026-01-30T23:48:14+00:00","dateModified":"2026-01-30T23:48:52+00:00","breadcrumb":{"@id":"https:\/\/www.solidaridadobrera.org\/confederal\/reglamento-de-congresos\/#breadcrumb"},"inLanguage":"es","potentialAction":[{"@type":"ReadAction","target":["https:\/\/www.solidaridadobrera.org\/confederal\/reglamento-de-congresos\/"]}]},{"@type":"ImageObject","inLanguage":"es","@id":"https:\/\/www.solidaridadobrera.org\/confederal\/reglamento-de-congresos\/#primaryimage","url":"https:\/\/www.solidaridadobrera.org\/fotos\/sindicalismo_solidaridad_obrera_04.gif","contentUrl":"https:\/\/www.solidaridadobrera.org\/fotos\/sindicalismo_solidaridad_obrera_04.gif"},{"@type":"BreadcrumbList","@id":"https:\/\/www.solidaridadobrera.org\/confederal\/reglamento-de-congresos\/#breadcrumb","itemListElement":[{"@type":"ListItem","position":1,"name":"Portada","item":"https:\/\/www.solidaridadobrera.org\/confederal\/"},{"@type":"ListItem","position":2,"name":"Reglamento de Congresos"}]},{"@type":"WebSite","@id":"https:\/\/www.solidaridadobrera.org\/confederal\/#website","url":"https:\/\/www.solidaridadobrera.org\/confederal\/","name":"SOLIDARIDAD OBRERA","description":"Confederaci\u00f3n Anarcosindicalista. La lucha es el \u00fanico camino.","publisher":{"@id":"https:\/\/www.solidaridadobrera.org\/confederal\/#organization"},"potentialAction":[{"@type":"SearchAction","target":{"@type":"EntryPoint","urlTemplate":"https:\/\/www.solidaridadobrera.org\/confederal\/?s={search_term_string}"},"query-input":{"@type":"PropertyValueSpecification","valueRequired":true,"valueName":"search_term_string"}}],"inLanguage":"es"},{"@type":"Organization","@id":"https:\/\/www.solidaridadobrera.org\/confederal\/#organization","name":"Solidaridad Obrera","url":"https:\/\/www.solidaridadobrera.org\/confederal\/","logo":{"@type":"ImageObject","inLanguage":"es","@id":"https:\/\/www.solidaridadobrera.org\/confederal\/#\/schema\/logo\/image\/","url":"https:\/\/www.solidaridadobrera.org\/confederal\/wp-content\/uploads\/2021\/07\/logo_soli_web.png","contentUrl":"https:\/\/www.solidaridadobrera.org\/confederal\/wp-content\/uploads\/2021\/07\/logo_soli_web.png","width":1181,"height":1181,"caption":"Solidaridad Obrera"},"image":{"@id":"https:\/\/www.solidaridadobrera.org\/confederal\/#\/schema\/logo\/image\/"},"sameAs":["https:\/\/es-es.facebook.com\/Soliobrera","https:\/\/www.instagram.com\/soliobrera\/","https:\/\/web.telegram.org\/a\/#-1001124968543"]}]}},"_links":{"self":[{"href":"https:\/\/www.solidaridadobrera.org\/confederal\/wp-json\/wp\/v2\/pages\/11786","targetHints":{"allow":["GET"]}}],"collection":[{"href":"https:\/\/www.solidaridadobrera.org\/confederal\/wp-json\/wp\/v2\/pages"}],"about":[{"href":"https:\/\/www.solidaridadobrera.org\/confederal\/wp-json\/wp\/v2\/types\/page"}],"author":[{"embeddable":true,"href":"https:\/\/www.solidaridadobrera.org\/confederal\/wp-json\/wp\/v2\/users\/18"}],"replies":[{"embeddable":true,"href":"https:\/\/www.solidaridadobrera.org\/confederal\/wp-json\/wp\/v2\/comments?post=11786"}],"version-history":[{"count":2,"href":"https:\/\/www.solidaridadobrera.org\/confederal\/wp-json\/wp\/v2\/pages\/11786\/revisions"}],"predecessor-version":[{"id":11790,"href":"https:\/\/www.solidaridadobrera.org\/confederal\/wp-json\/wp\/v2\/pages\/11786\/revisions\/11790"}],"wp:attachment":[{"href":"https:\/\/www.solidaridadobrera.org\/confederal\/wp-json\/wp\/v2\/media?parent=11786"}],"curies":[{"name":"wp","href":"https:\/\/api.w.org\/{rel}","templated":true}]}}